 + 24. Suppose 2*w + 7 - 17 = -i*z, z + 5*w = 21. What is the units digit of p(z)?
3
Let i(t) = t**2 - t + 20. Let k be i(0). Let b be 4/k - (-29)/5. Suppose 2*z = 4*u + 16, 2 = -7*u + b*u. What is the units digit of z?
4
Let d = -59 - -88. Suppose 4*j - 4*a = -0*j + 92, -3*a = -j + d. What is the tens digit of j?
2
Let h(d) = -7*d. Let i be h(-1). Let g = 14 - i. Suppose 5*t = -3*k + 13, -4*t + g = k - 2*k. What is the units digit of k?
1
Suppose -2*c - 2*c = -5*l + 1727, 2*l = 2*c + 692. What is the hundreds digit of l?
3
Suppose 0 = -2*b - 3 + 5. Let h = 10 - b. What is the units digit of h?
9
Let n(k) = k**3 + 8*k**2 - 9*k + 8. Suppose 5*x + 4*j - 4 = -57, -j = -x - 7. What is the units digit of n(x)?
8
Let v = 4 - 4. Let a(l) = l - 3 + 1 + v. What is the units digit of a(4)?
2
Let k = 5 + -3. Let u be 2/4*10 - k. Suppose -u = 2*y - 5. What is the units digit of y?
1
Suppose -7*o = 3*t - 2*o - 412, 2*o = t - 130. What is the units digit of t?
4
Let q = -52 - -77. What is the tens digit of q?
2
Let r be -1*7*-2*1. Let b = -9 + r. Suppose b*z - 1 = 24. What is the units digit of z?
5
Let q = -18 + 21. What is the units digit of q?
3
Let o(a) be the first derivative of -2*a - 1 - 2*a**2 + 1/3*a**3. What is the units digit of o(5)?
3
What is the units digit of 4596/30 + (-1)/5?
3
Suppose 0 = 160*b - 159*b - 114. What is the hundreds digit of b?
1
Suppose 0*y + 5*m = -3*y + 10, -3*m = 3*y. What is the units digit of (0 - -9) + 5/y?
8
Let t = -17 - -11. Let w = t + 4. What is the units digit of (-7)/w + 2/(-4)?
3
Let w = -93 + 157. What is the units digit of w?
4
Suppose 2*j = -5*v - 0*j + 180, -j + 147 = 4*v. What is the units digit of v?
8
Let l(b) = b**2 + 1. Let f be (80/24)/((-4)/6). What is the units digit of l(f)?
6
Suppose 4*s = -21 + 5, 5*u = 4*s + 11. Let a = 14 + u. What is the units digit of a?
3
Let b(o) be the third derivative of o**5/30 - 7*o**4/24 + 2*o**3/3 + 3*o**2. What is the units digit of b(4)?
8
Let j = -185 + 338. What is the hundreds digit of j?
1
Let n = -35 - -19. Let f = 8 - n. What is the tens digit of f?
2
Let h(o) = o**2 - 2*o - 2. Let s be h(3). Let b = 16 - s. What is the units digit of b?
5
Let h(x) = 41*x - 59. What is the hundreds digit of h(8)?
2
Let j be (-2)/(-7) - 24/84. Let c(s) = 4 + 4 + s - 4. What is the units digit of c(j)?
4
Let t(v) = -3 + 1 - v + v**2 - 4. Let w be t(0). Let o = w - -17. What is the units digit of o?
1
Suppose 15 + 3 = 2*w. Let s(r) = r**3 + 2*r**2 - 2 - 8*r**2 + 10*r - 4*r**2. What is the units digit of s(w)?
7
Let u be ((-3)/4)/(3/(-8)). What is the units digit of (u - 0) + -1 - -1?
2
Let u(s) = s**3 + 18*s**2 + 12*s - 11. What is the units digit of u(-17)?
4
Let z(v) = v**2 + 6*v - 9. What is the units digit of z(-12)?
3
What is the units digit of (1 + (-140)/12)/(6/(-9))?
6
Suppose 5*k = 5 - 0, -9 = -2*j + k. Suppose 2*p - 10 = -2*a, -j = a - 2*a. Suppose -4*l + 44 + p = 0. What is the units digit of l?
1
Let u = 6 + 17. What is the tens digit of u?
2
Suppose h = 5*o - 3*o - 66, -2*o - h + 74 = 0. Let g = o + -21. What is the units digit of g?
4
Suppose -10*i = -11*i + 206. What is the units digit of i?
6
Suppose -2*a + 2 = -0*a. Let l be a*-2*(-2)/4. Suppose r + l - 3 = 0. What is the units digit of r?
2
Let u(d) be the third derivative of -d**5/60 + 5*d**4/24 + d**3/2 + 4*d**2. What is the units digit of u(3)?
9
Let o(h) = 2*h**2 + 2*h - 2. Let g be o(2). Let p = 14 - g. Let l(t) = t. What is the units digit of l(p)?
4
Let q be 4/6 - 12/(-9). Let v = q - -4. What is the units digit of v?
6
Suppose -j = 4*f - 6*j - 8, -5*f + 10 = -4*j. Let r(n) = 6*n**2 - 2*n + 3. What is the units digit of r(f)?
3
Let i(z) = 16*z**3 + z. What is the hundreds digit of i(2)?
1
Let b be (-12)/(3 + -6 - -2). Suppose -s + b = 4*m, 5*s - 2 = 2*m + 14. Let d(w) = 4*w - 2. What is the units digit of d(m)?
6
Let p(m) = -m**2 + 7*m. Let c be p(6). Let n be 8/6*(5 - 2). Suppose 5*r - 2*v + c*v = 58, n*r = v + 38. What is the units digit of r?
0
Let f = -57 + 135. What is the tens digit of f?
7
Suppose 0 = f - 6*f - 20. Let v be f/(-6) - (-33)/(-9). Let i(y) = y**2 + 3*y + 4. What is the units digit of i(v)?
4
Let b be 1/4 + 1/(-4). Suppose 0 = -2*f + 2 - b. What is the units digit of f?
1
Let t be 2596/143 - 2/13. Suppose 0 = -4*h + 22 + t. What is the units digit of h?
0
Let n be (-40)/12*(-3)/2. Suppose y - h + 0 = 12, -2*h = -n*y + 66. What is the units digit of y?
4
Let u be 2/12 - (-29)/6. Let x = u + -1. What is the units digit of x?
4
Suppose -4*i + 219 + 5 = 0. Let x = i - 36. What is the tens digit of x?
2
Let v(y) = y**2 + y. What is the units digit of v(-2)?
2
Let c(w) = -w**3 - 7*w**2 + 13*w + 11. Let s be c(-9). Let h = s - 38. What is the tens digit of h?
1
Let z = 12 + -10. Let w(i) = -i**3 + 4. Let q be w(0). Suppose 6*a = z*a + q. What is the units digit of a?
1
Suppose t - 40 - 146 = -5*v, 5*v + 4*t - 174 = 0. What is the tens digit of v?
3
Let y = -166 - -277. Suppose -55 = -4*n - 5*t + 47, 5*n - 2*t = y. What is the tens digit of n?
2
Let y be -9*(1/3 + -1). Let u = y - 4. What is the units digit of -2 + 2 - (-2)/u?
1
Let q = -5 + 11. Let y = q - 4. What is the units digit of y?
2
Let d = -34 + 47. Suppose 0*x = -n - x + 10, 5*x = 2*n - d. Suppose 2*k - 11 = n. What is the tens digit of k?
1
Let q = 2 + -15. Let n = q + -4. Let j = -12 - n. What is the units digit of j?
5
Let l = -125 + 222. What is the units digit of l?
7
Suppose -3*r + r = -14. Suppose -5 - r = -3*u. What is the units digit of u?
4
Let t be (-168)/20*(-140)/6. Suppose 0 = 3*r + 2*d - t, -2*r - 19 + 118 = -5*d. Suppose -5*l + 10 = -4*w - 28, 0 = 5*l + 4*w - r. What is the units digit of l?
0
Suppose 0 = -5*o + 5, 0*q = q - 2*o + 7. Let l(u) = -6*u**2 - 6. Let r(m) = -5*m**2 - m - 5. Let a(c) = 4*l(c) - 5*r(c). What is the units digit of a(q)?
1
Suppose o - 16 = -3*a - 5, 4*a = -4*o + 12. Let j be -2*(o - (-10)/(-4)). Let m(v) = v**2 - 7*v + 9. What is the units digit of m(j)?
9
Let h = 9 - 4. Let n = -10 + h. What is the units digit of n*6*(-2)/5?
2
Suppose s - 4 = -2*n - 3*s, -4*n + 44 = -4*s. Suppose 8*k - n = 4*k. What is the units digit of k?
2
Suppose 5*k = 4*i - 397, 209 = 3*i + 5*k - 115. What is the tens digit of i?
0
Let m(j) = -j + 9. What is the units digit of m(0)?
9
Suppose 5*k + 12 = 7*k. What is the units digit of k?
6
Let u(q) = 2*q**2 - 8. What is the tens digit of u(6)?
6
Let f(w) = -w + 1. Let b be f(-2). What is the units digit of 10 - (-2 - -5)/b?
9
Let x(m) = 7*m + 64. What is the hundreds digit of x(12)?
1
Suppose 7*v + j = 2*v + 173, 4*j + 158 = 5*v. What is the tens digit of v?
3
Let i be (-1 + (-3)/(-2))*12. Suppose z - i = 2. What is the units digit of z?
8
Let h be -3 + (-1)/1*-6. Suppose 5*d - 32 = -h*t, d + 3 = t - 5. What is the units digit of t?
9
Suppose -4*m = -2*w + 66, -5*m - 37 = 2*w + 41. Let t = m - -23. What is the units digit of t?
7
Suppose -3*y = 4*p - 421, 5*p = 4*p - 4*y + 115. What is the tens digit of p?
0
Let j = -5 - -3. Let h be (-70)/(-9) + j/(-9). What is the units digit of ((-1)/2)/((-1)/h)?
4
Let k(f) = -f**3 + 14*f**2 - 13*f + 13. What is the tens digit of k(13)?
1
Suppose 0 = -3*y + 4*i + 620, 2*y - 5*y - i + 640 = 0. What is the units digit of y?
2
Let s(a) be the second derivative of -a**5/60 + 3*a**4/8 - 3*a**3/2 + 3*a**2/2 - 3*a. Let r(c) be the first derivative of s(c). What is the units digit of r(6)?
9
Let u(s) = s**2 - 5*s + 7. Let p be u(6). What is the units digit of (p - (2 + -1)) + 1?
3
Suppose 12 = 2*f + 4*s, 3*f = 3*s - 0*s + 9. Let o = 11 - 9. Suppose -5*p + 14 = -2*r, f*p + r = o*p + 11. What is the units digit of p?
4
Let c be (-9)/6*4/6. Let x = 3 + c. What is the units digit of x?
2
Let k(g) = 3*g**3 - 3*g**2 + 2*g - 3. Suppose 5 + 5 = 5*o. What is the units digit of k(o)?
3
Suppose -2*a - r + 1 = 0, -4*a = 5*r - 2 - 3. Suppose -5*g - 15 = -2*x + 13, a = x + 2*g - 14. What is the units digit of 60/14 + (-4)/x?
4
Suppose o - 2*a - 160 = -3*o, -2*a - 80 = -2*o. What is the tens digit of o?
4
Let j(x) = 2*x**2 + 2. Let n be j(4). Let y = n + -23. What is the units digit of y?
1
Let l = 2 + 6. What is the units digit of l?
8
Suppose -3*a = -4*a + 37. Let u = a - 55. Let r = u - -29. What is the units digit of r?
1
Suppose 5*n + 0*n = -2*m - 